f q?
5
Suppose 4*v - 59 = 13. Let y(j) = -j**3 + 2*j - 2. Let s be y(2). What are the prime factors of 369/v - s/(-4)?
19
Let y be 11/(-11) + -2 + 5. Suppose -4*u + y + 10 = 0. Suppose -22 - 123 = -3*s + 5*j, u*s = 2*j + 157. List the prime factors of s.
5, 11
Let l(m) = m**2 + 8*m + 140. What are the prime factors of l(17)?
5, 113
Suppose 11*u - 222 = -35. Let v = 59 + u. What are the prime factors of v?
2, 19
Let u(a) = a + 12. Let b be u(-8). Let j = 11 + b. Suppose -4*r - 119 = -5*g, 3*g - 2*g - 3*r - j = 0. What are the prime factors of g?
3
Suppose 0 = -4*o + 14*o - 370. Let j = 1 + -7. Let x = o - j. List the prime factors of x.
43
What are the prime factors of (59604/(-36))/(-1*(-1)/(-3))?
4967
Let o(d) = 7*d**2 + d + 1. Let y be o(1). Let j be (-326)/(-9) + (-2)/y. Let i = j - 17. What are the prime factors of i?
19
Let q(p) be the second derivative of 3*p**3/2 - p**2/2 + 2*p. Let k(m) = 14*m - 1. Let u(r) = -5*k(r) + 7*q(r). What are the prime factors of u(-2)?
2, 3
Suppose 0*h - o - 54 = -h, 3*h + 3*o - 168 = 0. Let a = h + -39. Suppose -32 = -3*k + a. List the prime factors of k.
2
What are the prime factors of (-30)/(-20) + (-2)/4 + 861?
2, 431
Suppose -2*o = 2*s + o + 92, 4*s = 4*o - 144. Let j = 17 - s. Suppose -5*n + 110 = -4*y, -y = -n + 3*n - j. List the prime factors of n.
2, 13
Suppose 0 = -2*l - 3*v + 1345, -5*l + 3*v - 404 = -3819. What are the prime factors of l?
2, 5, 17
Let p = -12 + 12. Suppose p*r - 3*r - 12 = 5*f, -r + f - 4 = 0. Let b(i) = i**3 + 6*i**2 + 2*i - 3. What are the prime factors of b(r)?
3, 7
Suppose 4*j + 38 = 14. Let c(a) be the second derivative of a**4/12 + a**3/2 + a**2 + 35*a. List the prime factors of c(j).
2, 5
Let p(c) = -c**3 - 2*c**2 + 5*c. Let g(f) = -4*f**3 - 5*f**2 + 16*f - 1. Let b(j) = -2*g(j) + 7*p(j). Suppose 4*v = 4 + 8. List the prime factors of b(v).
2
Suppose -t + 3*m = 0, -2*m = 2*t - 42 + 10. Suppose j = t*j - 231. List the prime factors of j.
3, 7
Let o = 43 - 41. Let l = -6 - -9. Suppose l*a - 21 = o*a. List the prime factors of a.
3, 7
Suppose 4329 = 5*a + 3*f, -f + 4 = -3*f. What are the prime factors of a?
3, 17
Let f be (-321)/(-5) + (-5)/25. Let j be 49 - 4/(16/12). Let s = f - j. List the prime factors of s.
2, 3
Let i(k) = 2 - 2 + 2 - 8*k + 0. Let t be i(-2). Suppose 0*m + t = 2*m + 5*o, m + o - 6 = 0. List the prime factors of m.
2
Let t(d) = d**3 + d**2. Let n be t(0). Suppose n = -3*z - 76 + 316. Suppose 2*x - 76 = -x - 2*a, 3*x = -4*a + z. What are the prime factors of x?
2, 3
Suppose 5*l - 510 = 2*d, 5*d - 5*l + 173 = -1117. What are the prime factors of (9/2)/((-39)/d)?
2, 3, 5
Suppose -177 = 17*w + 2781. Let a = 132 - w. What are the prime factors of a?
2, 3, 17
Let l(s) = s - 55 + 27 - 11*s**2 + s**3 + 20. Suppose 0*c - 5*c = -55. What are the prime factors of l(c)?
3
Let p = 6 + 16. Suppose 2*x - p + 12 = 0. Suppose 15 = -5*h, 0*k + 3*k = x*h + 78. What are the prime factors of k?
3, 7
What are the prime factors of (4 - 5) + (2 - 1) - -1056?
2, 3, 11
Let d = 51 - 51. Suppose d = 6*y - 11*y + 125. What are the prime factors of y?
5
Suppose 0 = r - 1 + 6, 5*r = 3*v - 193. Suppose 61*p - v*p - 545 = 0. What are the prime factors of p?
109
Let k = -3344 - -9049. List the prime factors of k.
5, 7, 163
Suppose 2*k + 0 = -2. Let j(g) = 66*g**2 - 4*g - 5. List the prime factors of j(k).
5, 13
Let u(p) = -p**3 - 15*p**2 - 26*p - 40. List the prime factors of u(-17).
2, 5, 7
Suppose 174*a - 4 = 172*a, 3*a = 3*u - 11718. What are the prime factors of u?
2, 977
Let m(c) be the first derivative of 9 + 3/2*c**2 - 14*c. List the prime factors of m(8).
2, 5
Let c = -14 - -11. Let j be (-26)/(-39) + (-7)/c. Suppose 0*k - 276 = -4*k - 4*q, -193 = -j*k + 4*q. What are the prime factors of k?
67
Let o(v) = 7*v**2 - 21*v + 30. List the prime factors of o(-11).
2, 277
Let i(k) = -9 + 11*k + 0 + 3*k**3 - 21*k**2 - 4*k**3 + 9*k**2. What are the prime factors of i(-14)?
229
Let h be (12/(-24))/((-2)/12). Suppose 72 = -6*m + h*m. Let l = m + 34. What are the prime factors of l?
2, 5
Let r(m) = -5*m**2 + 8*m - 10. Let p be r(-7). Let k = p - -579. List the prime factors of k.
2, 67
Let q(v) = 4*v + 5*v**2 + 3*v - 4*v + 4*v**2 + 4. What are the prime factors of q(-2)?
2, 17
Suppose -m + 7 = 3. Suppose 0*n + 204 = m*n. List the prime factors of n.
3, 17
Let x(u) = -31*u**2 + 1. Let c be x(-1). Let n = -28 - c. Suppose 4*y = 2*y + 5*a + 93, n*y - 3*a - 95 = 0. What are the prime factors of y?
7
Let d = 810 + -481. Suppose 0 = -8*z + 343 + d. What are the prime factors of z?
2, 3, 7
Let y(j) = 2*j**2 + 12*j + 14. Let b be y(-8). Suppose -76 = -5*x - 2*i, 0 = -3*x + i + b + 4. What are the prime factors of x?
2
List the prime factors of -3577*(2 + (-33)/15)*5.
7, 73
Let p = -13 + 13. Suppose -5*j + 2*h = -j - 22, p = -5*j - 2*h + 50. List the prime factors of 2/2 - -3*j.
5
Let c(y) = y**3 - 6*y**2 + y + 6. Let v be c(5). Let s = v - -9. What are the prime factors of ((-2)/(-2))/(s/(-35))?
7
Let n(m) = 14*m - m**2 - 1 + 0*m**2 + 5 - 5*m. List the prime factors of n(7).
2, 3
Let j(x) = -3*x**3 + 2*x**3 + 17*x + 47 + 2*x**3 - 14*x**2 - 6*x**2. What are the prime factors of j(19)?
3
Let c be (-629)/(-3) - 2/(-6). Let z = c + -76. List the prime factors of z.
2, 67
Let n = 1379 + -141. List the prime factors of n.
2, 619
Let p = 1167 + -1049. List the prime factors of p.
2, 59
Let p be 2/6 - 20/60. Suppose p = -3*z - 0*z + 78. What are the prime factors of z?
2, 13
Let c be 4/2 + 0*(-3)/3. Suppose 4*o + g + 293 = 806, c*o - 258 = -2*g. What are the prime factors of o?
2
Suppose 4279 = 7*j + 2025. What are the prime factors of j?
2, 7, 23
Let r(d) = 2*d**3 - 6*d**2 + d. Let q be r(4). Suppose -5*g + q = -2*g. What are the prime factors of g?
2, 3
Let n be (-1 - 2)/((-6)/8). Let d be 12/48 - (-7)/n. Suppose 2*v = -4*y + 156, -10 + 2 = d*v. What are the prime factors of y?
41
Suppose 0 = 3*i + 5*y - 28, -4 = -2*i - 0*i + 4*y. List the prime factors of ((-2)/i)/((-12)/3672).
2, 3, 17
Let n(x) = x**2 + 5*x + 16. Suppose h = -h - 5*g, -h - 3*g = -2. List the prime factors of n(h).
2, 3, 11
Suppose 0 = 5*q - 3*l - 2334, q - 3*l + 7*l = 476. What are the prime factors of q?
2, 3, 13
Let a = 53 + -45. What are the prime factors of 1045/77 + (a/14)/(-1)?
13
Let x(o) = 4*o**3 + o. Let h be x(1). Suppose h*p = -w + 51, 25 = p - 3*w + 2. List the prime factors of p.
11
Suppose -23171 = -5*b + 3*d, -10*d + 5*d - 18529 = -4*b. List the prime factors of b.
2, 19, 61
Let q = 1479 + -1032. Suppose -217 - 224 = -3*n + 4*g, 3*n - q = 2*g. What are the prime factors of n?
151
Let q(t) = 3*t**2 + 5*t - 1. Suppose 0 = 3*c + 4 - 25. Suppose 2*v + 1 = -c. List the prime factors of q(v).
3
Let r(q) = q**3 - 4*q**2 + 2*q. Let n(c) = -c + 11. Let t be n(7). Let u be r(t). Suppose -3 = -9*x + u*x. List the prime factors of x.
3
Let q = 120 - -299. What are the prime factors of q?
419
Suppose 398 = 5*q - 22. Suppose 5*a - q = -l, l - 3 = a - 21. What are the prime factors of a?
17
Suppose 321 - 1193 = -8*o. What are the prime factors of o?
109
Let o = -9 + 694. Suppose 14*k + o = 19*k. List the prime factors of k.
137
Let s = -8 + -61. Let k = s - -113. What are the prime factors of k?
2, 11
Let p(t) = 32*t**2 + t - 1. Let f be p(4). Suppose -4*u = -5*q - f, 0 = -4*u + q + 337 + 166. List the prime factors of u.
5
Let f = 184 - -56. Let k be ((-2)/(-6))/(8/f). Let v = k - 3. What are the prime factors of v?
7
Let v = 4 - 42. Let o = v - -65. Suppose -k + 78 - o = 0. List the prime factors of k.
3, 17
Let o = -10 + -13. Let t = -19 - o. List the prime factors of t.
2
Suppose -17*y + 32416 - 6287 = 0. What are the prime factors of y?
29, 53
Let j(x) = 2*x - 4. Suppose 0 = 7*a - a - 30. List the prime factors of j(a).
2, 3
Suppose 5*l + 3*d - 4 = 0, -2*l + 5*d + 3 = -11. What are the prime factors of l/((-339)/(-168) - 2)?
2, 7
Let k = -80 - -185. Suppose 0 = -4*y + 20, -y + k = m - 3*y. What are the prime factors of m?
5, 23
What are the prime factors of 3*439 - (74 - 76)?
1319
List the prime factors of (-99)/891 - 33986/(-18).
2, 59
Suppose p - 5*u - 1733 = -0*p, -8685 = -5*p + 5*u. List the prime factors of p.
2, 11, 79
Suppose j = -5*s + 7085, -987 - 416 = -s - 3*j. What are the prime factors of s?
2, 709
Suppose 2*c - 18